 to base 10
-10362
28eb (base 15) to base 10
8771
Convert 1221021 (base 3) to base 11.
1073
-217 (base 8) to base 10
-143
What is 2032 (base 7) in base 5?
10314
Convert 95 (base 14) to base 4.
2003
433 (base 15) to base 14
4ba
Convert 6004 (base 14) to base 9.
24527
What is 231311 (base 7) in base 16?
a163
-1001010111101 (base 2) to base 10
-4797
Convert -20e7 (base 16) to base 13.
-3aac
-15451 (base 6) to base 13
-1213
Convert -2342 (base 9) to base 15.
-7ae
74 (base 10) to base 3
2202
Convert -12513 (base 7) to base 9.
-4523
4327 (base 10) to base 14
1811
What is -20001021 (base 3) in base 10?
-4408
Convert -110110100011 (base 2) to base 16.
-da3
345 (base 13) to base 6
2340
-434 (base 9) to base 7
-1015
-1470 (base 9) to base 11
-925
Convert -21333 (base 6) to base 5.
-43222
Convert -1d8 (base 16) to base 6.
-2104
Convert -501 (base 15) to base 2.
-10001100110
1247 (base 15) to base 14
15c0
52516 (base 7) to base 14
4a0d
What is 1300300 (base 4) in base 14?
28b6
Convert 20022 (base 4) to base 14.
294
What is -1101011101 (base 2) in base 9?
-1156
2173 (base 9) to base 14
829
Convert -28a (base 14) to base 5.
-4024
-4a2 (base 12) to base 10
-698
What is -1673 (base 12) in base 8?
-5167
-5956 (base 10) to base 13
-2932
What is 3112232 (base 4) in base 13?
6341
What is bd4b (base 15) in base 8?
116271
What is -662 (base 8) in base 11?
-365
What is 100 (base 13) in base 15?
b4
-13ab2 (base 14) to base 11
-33701
What is 1001101110 (base 2) in base 8?
1156
Convert -1323 (base 5) to base 4.
-3111
Convert 53513 (base 7) to base 5.
411124
4534 (base 10) to base 9
6187
Convert 5322 (base 6) to base 12.
842
What is -2313143 (base 5) in base 7?
-232332
Convert -d0c5 (base 16) to base 10.
-53445
7be0 (base 16) to base 11
2190a
-24432 (base 7) to base 8
-14371
Convert 161 (base 13) to base 16.
f8
What is 985 (base 13) in base 9?
2211
What is -10131 (base 5) in base 3?
-220200
Convert -292b (base 16) to base 6.
-120443
Convert -47133 (base 9) to base 16.
-7ae2
-23205 (base 8) to base 4
-2122011
-3540 (base 6) to base 5
-11402
Convert 3684 (base 11) to base 13.
2261
-735 (base 10) to base 12
-513
Convert 222113 (base 4) to base 10.
2711
What is -34064 (base 7) in base 2?
-10000110101101
What is 11929 (base 11) in base 2?
100001011000100
What is 1015 (base 7) in base 9?
434
Convert 11303 (base 4) to base 15.
19b
-cbbb (base 16) to base 9
-78480
What is 126054 (base 7) in base 16?
5c9a
Convert -22021 (base 4) to base 5.
-10044
-160342 (base 7) to base 6
-401154
Convert -122120212 (base 3) to base 10.
-12821
Convert -137 (base 13) to base 12.
-15b
What is 57720 (base 9) in base 16?
965d
What is -8077 (base 14) in base 16?
-5629
21138 (base 9) to base 4
3122033
Convert -1447 (base 13) to base 10.
-2932
What is 13757 (base 11) in base 16?
4c57
Convert -10324 (base 5) to base 13.
-42c
Convert -212124 (base 5) to base 4.
-1233330
Convert 644 (base 12) to base 5.
12131
What is -67a (base 11) in base 12?
-579
Convert 301 (base 9) to base 3.
100001
What is -52c3 (base 15) in base 16?
-4464
Convert -782 (base 10) to base 12.
-552
-b50 (base 13) to base 16
-784
What is c0f (base 16) in base 15?
dac
Convert -13301 (base 6) to base 8.
-4005
-12210012 (base 4) to base 10
-26886
What is 211100 (base 3) in base 11?
4a9
-2176 (base 15) to base 3
-100201110
4275 (base 12) to base 6
53425
3245 (base 7) to base 11
965
a0e (base 15) to base 9
3085
Convert 745 (base 9) to base 3.
211112
10014 (base 9) to base 10
6574
40c3 (base 14) to base 5
324042
Convert -2360 (base 7) to base 11.
-726
What is 23110 (base 4) in base 13?
439
What is 10461 (base 13) in base 14?
a980
-10020111 (base 3) to base 12
-144a
Convert 102000 (base 4) to base 3.
1120200
3b47 (base 13) to base 9
12604
-66d (base 16) to base 13
-997
11915 (base 11) to base 15
50d7
Convert 12113000 (base 4) to base 10.
26048
Convert 545e (base 16) to base 13.
9aa5
2230 (base 4) to base 12
124
Convert -440 (base 13) to base 14.
-3a0
Convert -6150 (base 8) to base 16.
-c68
-1011110 (base 3) to base 7
-2322
What is 3a1 (base 16) in base 14?
4a5
What is -25cb (base 14) in base 2?
-1100111110111
85686 (base 9) to base 4
31311321
Convert -1a38 (base 12) to base 2.
-110010001100
Convert -43611 (base 8) to base 7.
-104251
What is b28 (base 14) in base 5?
32232
Convert 452 (base 12) to base 4.
21332
What is -151 (base 12) in base 16?
-cd
Convert -387 (base 15) to base 16.
-322
Convert a687 (base 15) to base 10.
35227
1010001110 (base 2) to base 5
10104
-739 (base 15) to base 7
-4515
361 (base 16) to base 9
1161
What is -16626 (base 7) in base 6?
-34033
-357 (base 11) to base 3
-120202
Convert -10760 (base 11) to base 7.
-63230
Convert 167 (base 16) to base 15.
18e
What is -1ab8 (base 12) in base 13?
-1676
547 (base 8) to base 5
2414
d87 (base 15) to base 4
233230
Convert 2ad2 (base 14) to base 15.
23dc
-19592 (base 10) to base 16
-4c88
What is -1adc (base 15) in base 2?
-1011011001000
-10000221 (base 3) to base 12
-1344
What is -121000221 (base 3) in base 2?
-10110110101001
Convert 2565 (base 13) to base 4.
1103022
62 (base 16) to base 7
200
Convert 1b7a5 (base 13) to base 6.
1054114
What is 43 (base 6) in base 15?
1c
296a (base 12) to base 4
1023202
445 (base 11) to base 8
1025
333 (base 14) to base 9
773
-110120012 (base 3) to base 16
-23c6
Convert 1120112021 (base 3) to base 6.
355311
What is -439 (base 12) in base 6?
-2513
-313424 (base 6) to base 2
-110001101011000
Convert 1027 (base 9) to base 15.
354
Convert -510b (base 15) to base 6.
-211115
What is 3022331 (base 5) in base 14?
1393c
Convert -110010101110 (base 2) to base 16.
-cae
Convert -102011110 (base 3) to base 2.
-1111111001011
What is 3085 (base 10) in base 2?
110000001101
18280 (base 9) to base 16
3153
Convert 1131 (base 6) to base 11.
227
What is 329 (base 13) in base 3?
202002
What is 1425 (base 14) in base 16?
de9
1101000 (base 3) to base 7
2625
What is -1351 (base 15) in base 11?
-3111
Convert -8114 (base 9) to base 3.
-22010111
Convert -63545 (base 8) to base 12.
-13399
-c5d (base 16) to base 13
-1596
25 (base 9) to base 12
1b
-340404 (base 5) to base 12
-6b23
Convert 1110101000011110 (base 2) to base 7.
336510
What is -10649 (base 10) in base 13?
-4b02
Convert 3100 (base 10) to base 12.
1964
1122 (base 6) to base 8
412
-541 (base 6) to base 11
-177
What is 146 (base 14) in base 5?
2013
-20932 (base 13) to base 5
-3334214
-8971 (base 10) to base 5
-241341
-51015 (base 8) to base 3
-1001210222
What is 1587 (base 12) in base 10?
2551
Convert 146 (base 16) to base 2.
101000110
What is -155b5 (base 12) in base 6?
-351545
What is 1607b (base 14) in base 10?
54989
Convert -15133 (base 10) to base 16.
-3b1d
41a (base 11) to base 16
1f9
What is 1031201 (base 4) in base 15?
170b
-344325 (base 6) to base 5
-1421001
Convert 17281 (base 9) to base 5.
340044
-1123 (base 4) to base 2
-1011011
What is -52670 (base 9) in base 5?
-2103222
128 (base 16) to base 6
1212
What is -104676 (base 8) in base 13?
-13086
Convert 255 (base 12) to base 5.
2403
10011111101 (base 2) to base 9
1668
-214102 (base 5) to base 16
-1cea
What is 234000 (base 5) in base 7?
34101
What is 32021 (base 4) in base 11?
753
14b6 (base 14) to base 12
2174
26103 (base 8) to base 16
2c43
What is -12332 (base 10) in base 16?
-302c
17036 (base 9) to base 7
46050
-4739 (base 11) to base 13
-2a9c
926 (base 12) to base 10
1326
-7467 (base 9) to base 16
-1570
What is 4032 (base 7) in base 14?
719
Convert -1980 (base 11) to base 8.
-4714
Convert 11111100001 (base 2) to base 15.
8e7
-384 (base 11) to base 16
-1c7
Convert -389 (base 14) to base 10.
-709
b0 (base 15) to base 9
203
Convert -7755 (base 8) to base 4.
-333231
-1001000011101 (base 2) to base 8
-11035
Convert 1024114 (base 5) to base 7.
101520
What is 72 (base 12) in base 4?
1112
cfd8 (base 16) to base 11
36a81
Convert -423 (base 11) to base 9.
-625
-279 (base 10) to base 3
-101100
What is -100000111101 (base 2) in base 5?
-31414
-77184 (base 10) to base 16
-12d80
What is -1224 (base 5) in base 12?
-139
What is 444 (base 6) in base 16?
ac
Convert -80 (base 12) to base 2.
-1100000
Convert -4ba (base 14) to base 16.
-3b4
-2000 (base 7) to base 2
-1010101110
6fc9 (base 16) to base 2
110111111001001
What is -100011101000 (base 2) in base 10?
-2280
Convert -1033